dreds digit of i(-15)?
7
Suppose 6*s + 4*s = 30. Suppose -920 = -s*j - 89. Suppose 0*h + 549 = 4*k + h, h - j = -2*k. What is the hundreds digit of k?
1
Suppose -3495 = -9*i + 9870. Suppose -36*t + i = -33*t. What is the tens digit of t?
9
Let l(y) = y**3 + 34*y**2 + 5*y - 26. What is the thousands digit of l(-26)?
5
Let u(a) = -37*a - 31. Let f be u(-6). Suppose -o - 3*z + 45 = 0, -z - z = -5*o + f. What is the tens digit of o?
3
Let s = 165409 + -108645. What is the thousands digit of s?
6
Let c(o) = -o**3 - 4*o**2 - 3*o + 2. Let y be c(-3). Let l(v) = -v - 2*v - 10*v**2 + v**2 + 10*v**y. What is the units digit of l(5)?
0
Suppose -12 = -542*w + 539*w. Suppose w*k = 2726 - 854. What is the units digit of k?
8
Suppose -45*j = 11*j - 503726 - 861946. What is the tens digit of j?
8
Suppose -98*t = -97*t + 13. Let k be (-11 - t)*((-9)/2)/(-3). Suppose 203 = 4*j + k*a, 2*a + 8 = -j + 65. What is the tens digit of j?
4
Let d = -225 - -485. Let m = -11 + d. Suppose 2*x - m = -x. What is the tens digit of x?
8
Let n be (417/2)/((-6)/((-240)/4)). Let c = n + -1357. What is the hundreds digit of c?
7
Suppose 6*j - 622 = 1046. Let q = 788 - j. What is the hundreds digit of q?
5
Let z = 36 + -34. Let w be 8/((-8)/z) - 149. Let u = w - -227. What is the tens digit of u?
7
Let y(i) = i + 17. Let f be y(-14). Let q(v) = -2 + 0*v**3 - 2*v**f - v**3 + 0*v**3. What is the units digit of q(-2)?
2
Let t = -61 - -63. Suppose -t*w - k = -47, -4*w - 3*k + 45 = -52. Let v = 122 - w. What is the tens digit of v?
0
Suppose 4*x = 2*p - 9870, 115*p - 111*p - 19728 = -4*x. What is the tens digit of p?
3
Let g(k) = 28*k - 12. Let r be g(-3). Let m be 14/4*r/(-84). What is the units digit of (m/(-5))/(8/(-1360))?
6
Let d(h) = 2*h**2 - 63*h - 29. Let x be d(32). Suppose j - 5*u = 121, x*j - 6*u + 3*u - 303 = 0. What is the units digit of j?
6
Suppose -976 = -5*l + 714. Let q be (-96)/(-224) - 179/(-7). Suppose -28*z + q*z = -l. What is the tens digit of z?
6
Suppose 0 = 2*f - 4*z + 2, 4*f - 6*f = 3*z + 2. What is the units digit of (-9 - 0) + 1097 - (-1)/f?
7
What is the thousands digit of 970255/275 - 3/15?
3
What is the units digit of 780/18*(88352/80 + -4)?
4
Suppose -3*f = -c - 7, 0 = c + c - 2*f + 2. Suppose 3*q + 4*x = -30, -c*q - 2*x - 19 = -1. What is the units digit of -6*3/q + 233?
6
What is the tens digit of (-10)/(-55) - (9/(-18))/(11/42610)?
3
Suppose -1200 = 5*p + 45*p. What is the hundreds digit of 392/3*(-54)/p?
2
Suppose -2*f + i - 8 = -3*f, 2*f = i + 4. Let t(x) = -9*x + 0*x**2 + 2*x**2 - f + 4*x**2 - x**2. What is the tens digit of t(5)?
7
Let w(c) be the third derivative of -c**6/120 - c**5/10 - 3*c**4/4 + 7*c**3/3 - 46*c**2. What is the hundreds digit of w(-8)?
2
Suppose -111451 = -15*m + 276269. What is the hundreds digit of m?
8
Suppose -11*m + 73 = -81. What is the units digit of (m/21)/(4/4800)?
0
Suppose -24 = -3*d, -453*d + 456*d - 55868 = -4*w. What is the ten thousands digit of w?
1
Suppose -13*c + 460 = -9*c. Let r(x) = -2*x**2 + 15*x + 14. Let f be r(11). Let d = c + f. What is the units digit of d?
2
Let l be (-3)/4 + (-2 - (-21615)/(-44)). Let a = -228 - l. What is the tens digit of a?
6
Let h(q) = -11 + 6*q**2 - 73*q**3 + 140*q**3 + 47*q - 29*q**2 - 66*q**3. What is the hundreds digit of h(22)?
5
Suppose 2*b - 2 = 0, p + 6*b + 1 = 3*b. What is the thousands digit of ((p - -5) + 466)*4/1?
1
Let u = -255 + 249. Let q(t) = 11*t**2 - 2*t + 5. What is the units digit of q(u)?
3
Suppose -12245 = -8*y + 2051. What is the hundreds digit of y?
7
Let m be 1/1 - (13 - 1322). Suppose -2*j = -5*g - 1310, 0 = -2*j + 7*g - 12*g + m. What is the tens digit of j?
5
Let c(s) = 20*s**2 - s - 40. Let w be c(7). Suppose 4*z = w - 169. What is the units digit of z?
1
Let l(z) = -3*z + 14. Let y be l(-9). Let v = -2 + 5. Suppose 2*b + 3*k = y, -4*k = b - v*b + 34. What is the tens digit of b?
1
Let t be (-560)/266 - (-4)/38. What is the hundreds digit of (t + (-18)/12)*-284?
9
Suppose o + 107 = -2*p, -209 = 4*p - 2*o - o. Let n = 58 + p. Suppose -n*x = 2*u - 14, -5*u + 0*u + 5*x = 0. What is the units digit of u?
2
Suppose -18 = 3*v, 78*s - v - 48480 = 75*s. What is the ten thousands digit of s?
1
Suppose 0 = 472*p - 733*p + 11976768. What is the hundreds digit of p?
8
Let j(t) = -t**2 - 18*t - 59. Suppose s - 5 + 25 = -2*o, -4*s = 2*o + 8. What is the tens digit of j(o)?
1
Let z = -304 + 324. Suppose 2 = o, -z*n + 194 = -18*n - 2*o. What is the units digit of n?
9
Let f = 193 - 189. Suppose -4*w + 3*v + 2085 = -w, 2756 = 4*w + f*v. What is the hundreds digit of w?
6
Suppose 2*o + 4*k - 736 = 0, -4*o - 2*k + 1508 = -3*k. Suppose 0 = -8*i + 928 + o. Let b = i + -24. What is the hundreds digit of b?
1
Suppose -2*k - 49*z + 17514 = -53*z, 0 = -5*k - 5*z + 43710. What is the thousands digit of k?
8
Let f(x) = 114*x**2 - 11*x + 18. Suppose j + 2*q = 3, 3*j + 2*q - 4 = 5. What is the thousands digit of f(j)?
1
Let x(r) = 6*r**2 + 6*r - 53. Let k be x(0). Let p = 30 + 29. Let u = p + k. What is the units digit of u?
6
Let c = 23 + -16. Suppose c*z - 8*z = -2. What is the tens digit of (-262)/(1 + -3) + 2/z?
3
Suppose 0 = j - 4*w + 24, -3*j + 4 = w + 11. Let f be j/((-900)/(-453) - 2). Suppose 0 = -2*p - 104 + f. What is the units digit of p?
9
Let x = -174 + 163. Let p(u) = -50*u - 232. What is the units digit of p(x)?
8
Let q(m) = 11*m - 72. Let k be q(8). Let j(n) = n. Let w(u) = 15*u - 8. Let d(g) = -6*j(g) + w(g). What is the units digit of d(k)?
6
Let k(d) = -19*d + 133*d + 30*d. Let b be k(1). Let v = 215 - b. What is the units digit of v?
1
Let b(j) = 78*j**2 - j. Let k be 2/5 + (-161)/(-35). Suppose 7 = 3*o - 5*m, 3*o - 2*o - k*m = 9. What is the tens digit of b(o)?
7
Let p be (3 - 5) + (-297)/(-9). Suppose -p = d - 2*d. What is the tens digit of d?
3
Suppose 7228 = 5*d - 34*o + 31*o, 5*o = 5*d - 7230. What is the thousands digit of d?
1
Let r = 3969 + 13093. What is the units digit of r?
2
Let i(m) = m**2 + 2*m - 11. Let o be 3 + -16 + 4 + 4. Let c be i(o). What is the tens digit of 0 - (c/(-5))/(26/3575)?
1
What is the thousands digit of 27650 + (-31)/(341/(-231))?
7
Let f(a) = 128*a**2 - 66*a - 9. What is the tens digit of f(-10)?
5
Let h = -4816 + 11541. What is the hundreds digit of h?
7
Let f(a) be the third derivative of -a**6/120 - a**5/20 + a**4/12 + 2*a**3/3 - 8*a**2. Let p be f(-3). What is the units digit of p/(-9) + 305/45?
7
Suppose -368 = -15*l - 8*l. Suppose 13*w = l*w + 3*d - 1962, 0 = -2*w - d + 1309. What is the units digit of w?
5
Let m = 809 + -1082. What is the units digit of (-20305)/(-21) + (-26)/m?
7
Suppose -d + 17575 = -3*z, 1431*d - 2*z - 17572 = 1430*d. What is the ten thousands digit of d?
1
Let m(b) = 4*b + 4. Let h be m(-4). Let q be 5/(-1)*1274/(-455). What is the units digit of 24/q - h/42?
2
Let p = 29411 + -10533. What is the tens digit of p?
7
Let j = -32100 + 47717. What is the units digit of j?
7
Suppose -7*j - 74 - 66 = 0. Let m = j - -22. Suppose -m*b + 194 = -5*q, 3*q = -3*b + q + 253. What is the units digit of b?
7
Let x(l) = l**2 - l. Let t be x(-2). Let s be (-2 - (-14)/t) + 868/(-12). Let v = 112 + s. What is the tens digit of v?
4
Let h(w) = -w**3 + 34*w**2 - 59*w - 424. What is the hundreds digit of h(30)?
4
Suppose -4*u - 380 = 8*w - 3*w, w = -2*u - 70. Let c = 166 - w. What is the tens digit of c?
4
Let y(f) = -13*f**2 + 19*f + 11. Let g be y(6). Let r = g + 1062. What is the tens digit of r?
1
Suppose 733 = -208*y + 209*y + 3*n, -3*y = -2*n - 2254. What is the units digit of y?
8
Let f = 9900 + -6237. What is the tens digit of f?
6
Let a = -15340 - -25125. What is the tens digit of a?
8
Suppose -6*g - 8 = -7*g. Let a be 2/g*40/10. What is the units digit of (23*a)/(18/108)?
8
Suppose 0 = -119*d + 71*d + 363979 + 647957. What is the thousands digit of d?
1
Suppose -5*k + 5*w + 199815 = 0, k + k - 79936 = 4*w. What is the thousands digit of k?
9
Let h = -183 + 185. Suppose -h*p + 3*u + 43 = -326, p = 4*u + 192. What is the hundreds digit of p?
1
Suppose -65700 - 24837 = -3*u - 3*h, 2*h = 3*u - 90542. What is the tens digit of u?
8
Let i = 87 + -66. Let d be i/(-35)*(-10)/2. Suppose 0 = d*s + 44 - 602. What is the units digit of s?
6
Let f = 33474 + -14818. What is the hundreds digit of f?
6
Let s(u) = u - 3